11*p**2/2 - 5*p - 16. What is the remainder when o(8) is divided by (-61)/(-9) + 8/36?
5
Suppose 4*t + t - 60 = 0. Let x(l) = -7*l + 7. Let a(z) = 15*z - 15. Let q(i) = 2*a(i) + 5*x(i). What is the remainder when q(-8) is divided by t?
9
Let m = 9170 - 9098. Calculate the remainder when 11445 is divided by m.
69
Let b(t) = 13*t**2 + 1507*t - 515. Calculate the remainder when b(-120) is divided by 86.
83
Suppose -12*d + 8*d + 96 = 0. Let m = 57 + d. Suppose -2*p + m = -p - 4*h, 304 = 4*p + 4*h. Calculate the remainder when p is divided by 16.
13
Let g(j) = 6*j**2 + 24*j - 238. Suppose -4*q - 401 = -5*z - 3298, -4*z + 12 = 0. Calculate the remainder when q is divided by g(6).
118
Let i = -1041 + 1059. Calculate the remainder when 8637 is divided by i.
15
Suppose 41*x - 7*x = 24412. Calculate the remainder when x is divided by 72.
70
Suppose -202 = 3*k + 38. Let w = k - -115. What is the remainder when w is divided by 10?
5
Let u(w) = 3*w**2 + 23. Let d be u(10). Suppose -319*t - 24 = -d*t. What is the remainder when 19 is divided by t?
1
Let j = -210071 + 210242. Let d(g) = g**2 + g + 36. Let r be d(0). Suppose -q = -r + 7. Calculate the remainder when j is divided by q.
26
Suppose -27150 - 12868 = 17*p. Calculate the remainder when (p/33)/(-4*(-1)/(-6)) is divided by 21.
2
Suppose 0 = 2*x + 5*x - x. Let k be -5 + x - (-14 - -10). Calculate the remainder when 0*(-3)/9 + k + 119 is divided by 15.
13
Let p = 20 - 16. Suppose -95 = -3*a + w, -2*a - 3*w + 62 = -p*w. Let z(j) = j**3 - 7*j**2 - 7*j - 106. Calculate the remainder when z(10) is divided by a.
25
Let t(g) be the third derivative of -g**4/3 - 2*g**3 - g**2. Suppose -17 = 10*r + 23. Calculate the remainder when 75 is divided by t(r).
15
What is the remainder when 624 is divided by (-4)/(-16) + (4851/4)/21?
44
Let a = 10 + -10. Let l(k) = k + 69. Suppose 0 = 4*q - d - 20 - 33, 0 = 2*q + 4*d - 40. Calculate the remainder when l(a) is divided by q.
13
Let d = 295 + -286. Suppose 0 = s + d*s - 3590. What is the remainder when s is divided by 19?
17
Let k(w) = w**2 + 10*w + 7. Let i be k(9). Let b = -250 + i. Let l = 133 + b. Calculate the remainder when l is divided by 31.
30
Suppose -3*o + 48 = -3*g + g, o = -3*g + 5. Let w = -1 + 13. What is the remainder when (12/(-15))/(o/(-245)) is divided by w?
2
Suppose -336*x - 979*x + 24985 = 0. Calculate the remainder when (-1)/((2/(-74))/1) is divided by x.
18
Let y(n) = -18*n + 271. Let l be y(12). Suppose 6*c - 5*c - 124 = -2*o, 2*o - 116 = -5*c. Let b = o - l. What is the remainder when 36 is divided by b?
4
Suppose -8 = -5*y + y, -o + 28 = y. Let c = -226 - -277. Calculate the remainder when c is divided by o.
25
Suppose 8*h - 226 = 230. Suppose h + 3 = 4*o. What is the remainder when 59 is divided by o?
14
Let i(x) = -x**3 + 14*x**2 - 2*x + 30. Let u be i(14). Suppose -w - 2*w - u*w = 0. Suppose -y + 7 + 18 = w. What is the remainder when 74 is divided by y?
24
Let u(q) = 2*q**2 - 5*q**2 - q**2 + 8*q - 4*q**2 - 4. Let o be u(4). Calculate the remainder when (-12)/8*o/6 is divided by 7.
4
Let k = -2659 - -3204. Calculate the remainder when k is divided by 44.
17
Let s be 4/(-2 - 6)*-458. Let q = 230 - s. Suppose 3*f + g = 12, -3*f - 4*g + 2*g + 15 = 0. Calculate the remainder when f is divided by q.
0
Calculate the remainder when 265 is divided by ((-2645)/(-30) + 10/12)*1.
87
Suppose -y + q + 345 = -q, -2*q - 1374 = -4*y. Calculate the remainder when y is divided by (40/(-32) + -6)*(-1 - 11).
82
Suppose -2*q + a + 5 = -15, -3*a = 2*q - 36. Suppose q*s - 1392 = -12*s. Calculate the remainder when s is divided by 31.
27
Let u(w) = 115*w - 1071. Calculate the remainder when u(11) is divided by 19.
4
Suppose 132*v - 133*v - 761 = -2*z, 0 = -4*v + 20. What is the remainder when 2298 is divided by z?
0
Let b(r) = r**3 - 8*r**2 + 24*r + 1. Calculate the remainder when 195 is divided by b(6).
49
Let x(b) = b**3 + 40*b**2 - 45*b - 172. Let p be x(-41). What is the remainder when 52 is divided by (410/40 - 8)/((-2)/p)?
7
Let k = -59 + 68. Let p be (4/(-14) - (-80)/35) + -2. Suppose -3*m - 6*m + 189 = p. Calculate the remainder when m is divided by k.
3
Suppose -3*b - 2*b + 155 = 0. Calculate the remainder when 3 - 2 - ((-397)/(-7940) + 5122/(-40)) is divided by b.
5
Let p be (-1)/(-3)*-9 - -36. Let z(w) = 10*w - 319. Calculate the remainder when 39 is divided by z(p).
6
Suppose c + 17 + 5 = 0. Suppose 100*u - 118*u + 30 + 78 = 0. Calculate the remainder when u is divided by 3/(-15) + c/(-10).
0
Let b(l) = 8*l**2 + l - 2. Let s(d) = 3*d + 21. Let a be s(5). Suppose -a = -3*j + 45. What is the remainder when b(3) is divided by j?
19
Let m = -523 + 525. What is the remainder when 283 is divided by m?
1
Let b be (-1)/(2 + 740/(-368)). Let h = 197 - b. Suppose 0 = -4*d + 3*n + 85, 5*d - 106 = 8*n - 4*n. What is the remainder when h is divided by d?
17
Suppose 10*g + 642 = -1298. Let o = 209 + g. What is the remainder when 27 is divided by o?
12
Suppose 2*x - 22526 = y, -4*x - 1324*y + 1329*y + 45028 = 0. Calculate the remainder when x is divided by 10.
7
Let x = 18 - 3. Suppose 5*r + 5*f - 115 = 0, -5*r - 42 + 161 = f. Suppose -r*b + 22*b = -52. What is the remainder when b is divided by x?
11
Let w be (1 - (7 + -2))*34/(-17). Suppose -w*v = -5*v - 237. What is the remainder when v is divided by -28*(3 + -5)/2?
23
Let k = 9 - -6. Let d = 708 + -666. Calculate the remainder when d is divided by k.
12
Let z = -48 - -75. Suppose 97 = 5*r - x, 4*x - 60 = -3*r + 12. Suppose a + 18*h - 4 = r*h, 0 = 4*a - h - 23. Calculate the remainder when z is divided by a.
3
Suppose 17*z - 356 = 3*n + 13*z, -3*z = -4*n - 470. What is the remainder when (-1 + -357)/(n/58) is divided by 36?
35
Let l(f) = -3*f**3 + 4*f**2 + 2*f - 1. Let w be l(-1). Suppose -w*s = -1235 + 651. Calculate the remainder when s is divided by 45.
11
Let c be 0/(-4 + 8) + 24. Suppose -c*f - 25 = -25*f. Calculate the remainder when 91 is divided by f.
16
Suppose 3*r - 258 = v, -r + 3*v + 38 = -56. Suppose -13 + r = 3*t. Suppose -8*s + t + 40 = 0. Calculate the remainder when 29 is divided by s.
5
Let l(g) = -g + 2. Suppose 150 = 4*z + 2*h - h, 3*z + 2*h - 115 = 0. Suppose 3*i = z - 16. What is the remainder when i is divided by l(0)?
1
Calculate the remainder when ((-888)/(-64))/(21/(-28))*(0 - 2) is divided by 2 + 0 - 0 - -10.
1
Suppose 21*r - 8340 = 11*r. Suppose 0 = -837*a + r*a + 57. What is the remainder when 131 is divided by a?
17
Let o(s) = -7*s - 49. Let l be o(-11). Let g be ((-16)/(-28))/(4/l). What is the remainder when 42 is divided by g - 7/((-14)/36)?
20
Let v = 24922 - 24021. Calculate the remainder when v is divided by 148.
13
Let w be (9/(-18))/(-3 + 75/24). Calculate the remainder when 245 is divided by (((-26)/w)/1)/((-1)/(-2)).
11
Suppose -222 = -16*v - 46. Suppose -13 - 9 = -v*l. Calculate the remainder when 48 is divided by l.
0
Let h = -134 + 134. Suppose 4*s - 21 - 103 = h. What is the remainder when s is divided by 6?
1
Let d = 149 - 126. Suppose 57 - 17 = -5*k. Let b = k + d. What is the remainder when 72 is divided by b?
12
Suppose 15*s + 173 = 16*s + 3*a, -2*a = 3*s - 505. What is the remainder when s is divided by 12?
11
Let h be 2 + -1 + 1*41. Suppose -3*g - 3*t + 12 = 0, 2*g - 15 = -34*t + 39*t. Suppose h = g*z - 68. What is the remainder when z is divided by 4?
2
Let v(q) = -q**3 + 34*q**2 + 33*q + 85. Let g be v(35). Suppose -d = -2*h + 1, 0 = 15*h - 18*h - 3*d + g. What is the remainder when 7 is divided by h?
1
Let c(h) = -h**2 - 36*h + 29. Let o be -10 - -8 - ((-2 - -1) + 35). Calculate the remainder when 96 is divided by c(o).
9
Suppose 0 = 4*h - 5*l - 49, 13*h = 9*h + 4*l + 48. What is the remainder when 146 is divided by h?
3
Let j = 936941 + -936939. Suppose 3*u - 150 = 66. What is the remainder when u is divided by j?
0
Let r = 2946 + -2842. Calculate the remainder when 308 is divided by r.
100
Suppose -2*u - 3*m - 36 = 0, -4*u - 8 = -m + 50. Let a = -582 - -581. What is the remainder when 19 is divided by 2/((18/u + 1)/a)?
9
Let v(c) = 2*c**2 + 11*c - 85. Let r be v(9). Let a = r - -161. What is the remainder when a is divided by 13?
12
Let z(g) = 4*g**2 + 55*g + 1134. Calculate the remainder when z(-44) is divided by 71.
68
Let a(d) = -d**3 + 51*d**2 + 24*d -